{"id":113,"date":"2026-03-01T16:06:26","date_gmt":"2026-03-01T16:06:26","guid":{"rendered":"https:\/\/marchedeyopougon.fr\/?page_id=113"},"modified":"2026-03-01T16:06:26","modified_gmt":"2026-03-01T16:06:26","slug":"formulaire-de-contact","status":"publish","type":"page","link":"https:\/\/marchedeyopougon.fr\/index.php\/formulaire-de-contact\/","title":{"rendered":"Formulaire de contact"},"content":{"rendered":"\n<div class=\"forminator-guttenberg\"><div class=\"forminator-ui forminator-custom-form forminator-custom-form-110 forminator-design--default  forminator_ajax\" data-forminator-render=\"0\" data-form=\"forminator-module-110\" data-uid=\"69e1d9add735e\"><br\/><\/div><form\n\t\t\t\tid=\"forminator-module-110\"\n\t\t\t\tclass=\"forminator-ui forminator-custom-form forminator-custom-form-110 forminator-design--default  forminator_ajax\"\n\t\t\t\tmethod=\"post\"\n\t\t\t\tdata-forminator-render=\"0\"\n\t\t\t\tdata-form-id=\"110\"\n\t\t\t\t data-color-option=\"theme\" data-design=\"default\" data-grid=\"open\" style=\"display: none;\"\n\t\t\t\tdata-uid=\"69e1d9add735e\"\n\t\t\t><div role=\"alert\" aria-live=\"polite\" class=\"forminator-response-message forminator-error\" aria-hidden=\"true\"><\/div><div class=\"forminator-row\"><div id=\"name-1\" class=\"forminator-field-name forminator-col forminator-col-12 \"><div class=\"forminator-field\"><label for=\"forminator-field-name-1_69e1d9add735e\" id=\"forminator-field-name-1_69e1d9add735e-label\" class=\"forminator-label\">Votre nom <span class=\"forminator-required\">*<\/span><\/label><input type=\"text\" name=\"name-1\" value=\"\" placeholder=\"\" id=\"forminator-field-name-1_69e1d9add735e\" class=\"forminator-input forminator-name--field\" aria-required=\"true\" autocomplete=\"name\" \/><\/div><\/div><\/div><div class=\"forminator-row\"><div id=\"email-1\" class=\"forminator-field-email forminator-col forminator-col-12 \"><div class=\"forminator-row-inside forminator-row-with-confirmation-email\"><div class=\"forminator-col forminator-col-6\"><div class=\"forminator-field\"><label for=\"forminator-field-email-1_69e1d9add735e\" id=\"forminator-field-email-1_69e1d9add735e-label\" class=\"forminator-label\">Votre email <span class=\"forminator-required\">*<\/span><\/label><input type=\"email\" name=\"email-1\" value=\"\" placeholder=\"\" id=\"forminator-field-email-1_69e1d9add735e\" class=\"forminator-input forminator-email--field\" data-required=\"true\" aria-required=\"true\" autocomplete=\"email\" \/><\/div><\/div><div class=\"forminator-col forminator-col-6\"><div class=\"forminator-field\"><label for=\"forminator-field-confirm_email-1_69e1d9add735e\" id=\"forminator-field-confirm_email-1_69e1d9add735e-label\" class=\"forminator-label\">Confirm Email Address <span class=\"forminator-required\">*<\/span><\/label><input type=\"email\" name=\"confirm_email-1\" value=\"\" placeholder=\"Re-type Email Address\" id=\"forminator-field-confirm_email-1_69e1d9add735e\" class=\"forminator-input forminator-name--field\" data-required=\"true\" aria-required=\"true\" autocomplete=\"email\" \/><\/div><\/div><\/div><\/div><\/div><div class=\"forminator-row\"><div id=\"phone-1\" class=\"forminator-field-phone forminator-col forminator-col-12 \"><div class=\"forminator-field\"><label for=\"forminator-field-phone-1_69e1d9add735e\" id=\"forminator-field-phone-1_69e1d9add735e-label\" class=\"forminator-label\">Votre num\u00e9ro de t\u00e9l\u00e9phone<\/label><input type=\"text\" name=\"phone-1\" value=\"\" placeholder=\"\" id=\"forminator-field-phone-1_69e1d9add735e\" class=\"forminator-input forminator-field--phone\" data-required=\"\" aria-required=\"false\" autocomplete=\"off\" \/><\/div><\/div><\/div><div class=\"forminator-row\"><div id=\"textarea-1\" class=\"forminator-field-textarea forminator-col forminator-col-12 \"><div class=\"forminator-field\"><label for=\"forminator-field-textarea-1_69e1d9add735e\" id=\"forminator-field-textarea-1_69e1d9add735e-label\" class=\"forminator-label\">Votre message<\/label><span id=\"forminator-field-textarea-1_69e1d9add735e-description\" class=\"forminator-description\"><span data-limit=\"180\" data-type=\"characters\" data-editor=\"\">0 \/ 180<\/span><\/span><textarea name=\"textarea-1\" placeholder=\"\" id=\"forminator-field-textarea-1_69e1d9add735e\" class=\"forminator-textarea\" rows=\"6\" style=\"min-height:140px;\" maxlength=\"180\" ><\/textarea><\/div><\/div><\/div><input type=\"hidden\" name=\"referer_url\" value=\"\" \/><div class=\"forminator-row forminator-row-last\"><div class=\"forminator-col\"><div class=\"forminator-field\"><button class=\"forminator-button forminator-button-submit\">Submit<\/button><\/div><\/div><\/div><input type=\"hidden\" id=\"forminator_nonce\" name=\"forminator_nonce\" value=\"4e3d786c4f\" \/><input type=\"hidden\" name=\"_wp_http_referer\" value=\"\/index.php\/wp-json\/wp\/v2\/pages\/113\" \/><input type=\"hidden\" name=\"form_id\" value=\"110\"><input type=\"hidden\" name=\"page_id\" value=\"113\"><input type=\"hidden\" name=\"form_type\" value=\"default\"><input type=\"hidden\" name=\"current_url\" value=\"https:\/\/marchedeyopougon.fr\/index.php\/formulaire-de-contact\/\"><input type=\"hidden\" name=\"render_id\" value=\"0\"><input type=\"hidden\" name=\"action\" value=\"forminator_submit_form_custom-forms\"><\/form><\/div>\n","protected":false},"excerpt":{"rendered":"","protected":false},"author":1,"featured_media":0,"parent":0,"menu_order":0,"comment_status":"closed","ping_status":"closed","template":"","meta":{"footnotes":""},"class_list":["post-113","page","type-page","status-publish","hentry"],"yoast_head":"<!-- This site is optimized with the Yoast SEO plugin v27.0 - https:\/\/yoast.com\/product\/yoast-seo-wordpress\/ -->\n<title>Formulaire de contact - Le march\u00e9 de Yopougon<\/title>\n<meta name=\"robots\" content=\"index, follow, max-snippet:-1, max-image-preview:large, max-video-preview:-1\" \/>\n<link rel=\"canonical\" href=\"https:\/\/marchedeyopougon.fr\/index.php\/formulaire-de-contact\/\" \/>\n<meta property=\"og:locale\" content=\"en_US\" \/>\n<meta property=\"og:type\" content=\"article\" \/>\n<meta property=\"og:title\" content=\"Formulaire de contact - Le march\u00e9 de Yopougon\" \/>\n<meta property=\"og:url\" content=\"https:\/\/marchedeyopougon.fr\/index.php\/formulaire-de-contact\/\" \/>\n<meta property=\"og:site_name\" content=\"Le march\u00e9 de Yopougon\" \/>\n<meta property=\"article:publisher\" content=\"https:\/\/www.facebook.com\/p\/Le-march-de-Yopougon-100075951916512\/?locale=fr_FR\" \/>\n<meta name=\"twitter:card\" content=\"summary_large_image\" \/>\n<script type=\"application\/ld+json\" class=\"yoast-schema-graph\">{\"@context\":\"https:\/\/schema.org\",\"@graph\":[{\"@type\":\"WebPage\",\"@id\":\"https:\/\/marchedeyopougon.fr\/index.php\/formulaire-de-contact\/\",\"url\":\"https:\/\/marchedeyopougon.fr\/index.php\/formulaire-de-contact\/\",\"name\":\"Formulaire de contact - Le march\u00e9 de Yopougon\",\"isPartOf\":{\"@id\":\"https:\/\/marchedeyopougon.fr\/#website\"},\"datePublished\":\"2026-03-01T16:06:26+00:00\",\"breadcrumb\":{\"@id\":\"https:\/\/marchedeyopougon.fr\/index.php\/formulaire-de-contact\/#breadcrumb\"},\"inLanguage\":\"en-US\",\"potentialAction\":[{\"@type\":\"ReadAction\",\"target\":[\"https:\/\/marchedeyopougon.fr\/index.php\/formulaire-de-contact\/\"]}]},{\"@type\":\"BreadcrumbList\",\"@id\":\"https:\/\/marchedeyopougon.fr\/index.php\/formulaire-de-contact\/#breadcrumb\",\"itemListElement\":[{\"@type\":\"ListItem\",\"position\":1,\"name\":\"Home\",\"item\":\"https:\/\/marchedeyopougon.fr\/\"},{\"@type\":\"ListItem\",\"position\":2,\"name\":\"Formulaire de contact\"}]},{\"@type\":\"WebSite\",\"@id\":\"https:\/\/marchedeyopougon.fr\/#website\",\"url\":\"https:\/\/marchedeyopougon.fr\/\",\"name\":\"Le march\u00e9 de Yopougon\",\"description\":\"Epicerie exotique et beaut\u00e9 africaine \u00e0 Montauban\",\"potentialAction\":[{\"@type\":\"SearchAction\",\"target\":{\"@type\":\"EntryPoint\",\"urlTemplate\":\"https:\/\/marchedeyopougon.fr\/?s={search_term_string}\"},\"query-input\":{\"@type\":\"PropertyValueSpecification\",\"valueRequired\":true,\"valueName\":\"search_term_string\"}}],\"inLanguage\":\"en-US\"}]}<\/script>\n<!-- \/ Yoast SEO plugin. -->","yoast_head_json":{"title":"Formulaire de contact - Le march\u00e9 de Yopougon","robots":{"index":"index","follow":"follow","max-snippet":"max-snippet:-1","max-image-preview":"max-image-preview:large","max-video-preview":"max-video-preview:-1"},"canonical":"https:\/\/marchedeyopougon.fr\/index.php\/formulaire-de-contact\/","og_locale":"en_US","og_type":"article","og_title":"Formulaire de contact - Le march\u00e9 de Yopougon","og_url":"https:\/\/marchedeyopougon.fr\/index.php\/formulaire-de-contact\/","og_site_name":"Le march\u00e9 de Yopougon","article_publisher":"https:\/\/www.facebook.com\/p\/Le-march-de-Yopougon-100075951916512\/?locale=fr_FR","twitter_card":"summary_large_image","schema":{"@context":"https:\/\/schema.org","@graph":[{"@type":"WebPage","@id":"https:\/\/marchedeyopougon.fr\/index.php\/formulaire-de-contact\/","url":"https:\/\/marchedeyopougon.fr\/index.php\/formulaire-de-contact\/","name":"Formulaire de contact - Le march\u00e9 de Yopougon","isPartOf":{"@id":"https:\/\/marchedeyopougon.fr\/#website"},"datePublished":"2026-03-01T16:06:26+00:00","breadcrumb":{"@id":"https:\/\/marchedeyopougon.fr\/index.php\/formulaire-de-contact\/#breadcrumb"},"inLanguage":"en-US","potentialAction":[{"@type":"ReadAction","target":["https:\/\/marchedeyopougon.fr\/index.php\/formulaire-de-contact\/"]}]},{"@type":"BreadcrumbList","@id":"https:\/\/marchedeyopougon.fr\/index.php\/formulaire-de-contact\/#breadcrumb","itemListElement":[{"@type":"ListItem","position":1,"name":"Home","item":"https:\/\/marchedeyopougon.fr\/"},{"@type":"ListItem","position":2,"name":"Formulaire de contact"}]},{"@type":"WebSite","@id":"https:\/\/marchedeyopougon.fr\/#website","url":"https:\/\/marchedeyopougon.fr\/","name":"Le march\u00e9 de Yopougon","description":"Epicerie exotique et beaut\u00e9 africaine \u00e0 Montauban","potentialAction":[{"@type":"SearchAction","target":{"@type":"EntryPoint","urlTemplate":"https:\/\/marchedeyopougon.fr\/?s={search_term_string}"},"query-input":{"@type":"PropertyValueSpecification","valueRequired":true,"valueName":"search_term_string"}}],"inLanguage":"en-US"}]}},"_links":{"self":[{"href":"https:\/\/marchedeyopougon.fr\/index.php\/wp-json\/wp\/v2\/pages\/113","targetHints":{"allow":["GET"]}}],"collection":[{"href":"https:\/\/marchedeyopougon.fr\/index.php\/wp-json\/wp\/v2\/pages"}],"about":[{"href":"https:\/\/marchedeyopougon.fr\/index.php\/wp-json\/wp\/v2\/types\/page"}],"author":[{"embeddable":true,"href":"https:\/\/marchedeyopougon.fr\/index.php\/wp-json\/wp\/v2\/users\/1"}],"replies":[{"embeddable":true,"href":"https:\/\/marchedeyopougon.fr\/index.php\/wp-json\/wp\/v2\/comments?post=113"}],"version-history":[{"count":1,"href":"https:\/\/marchedeyopougon.fr\/index.php\/wp-json\/wp\/v2\/pages\/113\/revisions"}],"predecessor-version":[{"id":114,"href":"https:\/\/marchedeyopougon.fr\/index.php\/wp-json\/wp\/v2\/pages\/113\/revisions\/114"}],"wp:attachment":[{"href":"https:\/\/marchedeyopougon.fr\/index.php\/wp-json\/wp\/v2\/media?parent=113"}],"curies":[{"name":"wp","href":"https:\/\/api.w.org\/{rel}","templated":true}]}}